Does 34 divide 10969080?
True
Is 188592 a multiple of 16?
True
Does 40 divide 418141?
False
Is 159863 a multiple of 50?
False
Is 194328 a multiple of 12?
True
Is 47 a factor of 226493?
True
Is 47 a factor of 93246?
False
Is 527484 a multiple of 389?
True
Does 36 divide 54828?
True
Is 13 a factor of 3132961?
True
Is 16453 a multiple of 26?
False
Is 1020460 a multiple of 148?
True
Is 123780 a multiple of 20?
True
Is 4 a factor of 122458?
False
Is 9866256 a multiple of 136?
True
Is 129 a factor of 679572?
True
Is 60 a factor of 35940?
True
Does 316 divide 10717772?
True
Does 56 divide 1843072?
True
Is 201253 a multiple of 15?
False
Is 72 a factor of 4704264?
True
Is 268949 a multiple of 190?
False
Is 16405 a multiple of 4?
False
Is 5 a factor of 207008?
False
Is 690 a factor of 672060?
True
Is 104961 a multiple of 26?
False
Does 109 divide 907939?
False
Is 91 a factor of 3891624?
False
Does 299 divide 1702207?
True
Does 13 divide 307175?
False
Is 40352 a multiple of 9?
False
Is 155916 a multiple of 28?
False
Is 2199 a factor of 7130427?
False
Is 716292 a multiple of 18?
True
Is 326590 a multiple of 5?
True
Does 22 divide 427821?
False
Does 171 divide 713262?
False
Is 18 a factor of 3766?
False
Does 23 divide 405050?
False
Does 376 divide 1677893?
False
Does 35 divide 303450?
True
Is 55 a factor of 105793?
False
Does 27 divide 4822591?
False
Does 25 divide 131418?
False
Does 3 divide 208656?
True
Is 2059570 a multiple of 100?
False
Is 36 a factor of 420732?
True
Is 735930 a multiple of 26?
True
Is 4517087 a multiple of 17?
True
Does 47 divide 4057618?
False
Is 1014 a factor of 3694113?
False
Is 1619103 a multiple of 171?
False
Is 599520 a multiple of 24?
True
Does 334 divide 137170?
False
Is 388790 a multiple of 278?
False
Is 27 a factor of 334375?
False
Is 212647 a multiple of 186?
False
Is 266725 a multiple of 377?
False
Is 1418804 a multiple of 37?
False
Does 104 divide 1122264?
True
Is 321103 a multiple of 607?
True
Does 56 divide 374747?
False
Is 916782 a multiple of 47?
True
Is 3707870 a multiple of 34?
True
Does 126 divide 5235048?
True
Is 54 a factor of 1980882?
True
Does 51 divide 3206370?
True
Is 5 a factor of 1205310?
True
Does 180 divide 19269261?
False
Does 4 divide 10274495?
False
Does 777 divide 2452989?
True
Is 116 a factor of 202797?
False
Is 119 a factor of 5747368?
False
Is 619919 a multiple of 356?
False
Does 886 divide 2140576?
True
Does 27 divide 39663?
True
Is 242003 a multiple of 23?
False
Is 11 a factor of 5444048?
False
Does 123 divide 4725906?
True
Does 73 divide 128626?
True
Does 152 divide 477625?
False
Is 1219458 a multiple of 30?
False
Does 147 divide 1793648?
False
Is 18 a factor of 1058364?
True
Is 39360 a multiple of 8?
True
Does 16 divide 46112?
True
Is 571310 a multiple of 10?
True
Does 548 divide 3163604?
True
Is 139 a factor of 45306?
False
Does 291 divide 10569284?
False
Is 27025 a multiple of 25?
True
Does 13 divide 244153?
True
Is 22 a factor of 258604?
False
Is 52 a factor of 106747?
False
Is 155 a factor of 1205234?
False
Is 10 a factor of 1026650?
True
Is 2053702 a multiple of 238?
True
Does 139 divide 2120445?
True
Is 224224 a multiple of 2?
True
Does 13 divide 2376284?
False
Is 2 a factor of 5803?
False
Is 157998 a multiple of 102?
True
Does 273 divide 6235739?
False
Is 67 a factor of 82473?
False
Does 115 divide 35793418?
False
Is 578 a factor of 2512053?
False
Is 26 a factor of 3355118?
True
Is 27 a factor of 635796?
True
Does 100 divide 1133626?
False
Is 80 a factor of 1226195?
False
Is 195 a factor of 289054?
False
Does 389 divide 961219?
True
Is 71 a factor of 210094?
False
Is 347127 a multiple of 135?
False
Is 13 a factor of 143713?
False
Is 6860087 a multiple of 35?
False
Does 52 divide 15921?
False
Is 803810 a multiple of 70?
True
Is 37 a factor of 11026?
True
Does 19 divide 138244?
True
Does 1245 divide 5919975?
True
Is 176302 a multiple of 257?
True
Is 4065136 a multiple of 558?
False
Is 32 a factor of 684544?
True
Is 77000 a multiple of 125?
True
Is 21 a factor of 835044?
True
Is 77 a factor of 67851?
False
Is 22 a factor of 1573471?
False
Is 489400 a multiple of 10?
True
Is 7677 a multiple of 69?
False
Is 16 a factor of 4983472?
True
Is 168 a factor of 1528464?
True
Is 281 a factor of 4127563?
False
Does 7 divide 971257?
True
Does 230 divide 8839820?
True
Is 55328 a multiple of 16?
True
Is 2828310 a multiple of 30?
True
Is 1296275 a multiple of 26?
False
Does 46 divide 7286502?
False
Does 87 divide 215258?
False
Does 747 divide 415001?
False
Is 19 a factor of 607778?
False
Is 16 a factor of 713712?
True
Is 686145 a multiple of 15?
True
Is 66 a factor of 4990519?
False
Is 199 a factor of 14859168?
False
Is 20 a factor of 190871?
False
Is 364095 a multiple of 5?
True
Is 37 a factor of 3146776?
True
Is 147 a factor of 5291706?
True
Does 229 divide 10537664?
True
Is 8109973 a multiple of 186?
False
Is 2962 a multiple of 57?
False
Is 419884 a multiple of 79?
False
Is 8628 a multiple of 12?
True
Is 86165 a multiple of 17?
False
Is 370 a factor of 238650?
True
Is 100100 a multiple of 26?
True
Is 89 a factor of 310759?
False
Is 556 a factor of 63384?
True
Does 15 divide 25065?
True
Is 1420 a factor of 4680888?
False
Is 110 a factor of 246194?
False
Is 97 a factor of 453475?
True
Does 22 divide 75695?
False
Is 22 a factor of 1074421?
False
Does 81 divide 959526?
True
Is 12 a factor of 2211667?
False
Does 171 divide 2675979?
True
Does 27 divide 19468?
False
Is 3898408 a multiple of 8?
True
Is 704433 a multiple of 219?
False
Is 7 a factor of 1496?
False
Does 47 divide 51183?
True
Is 1381796 a multiple of 4?
True
Does 22 divide 474432?
False
Is 12014169 a multiple of 43?
False
Is 13 a factor of 651631?
False
Does 264 divide 345840?
True
Is 516 a factor of 784840?
False
Does 400 divide 5121751?
False
Is 33 a factor of 19371?
True
Is 1965222 a multiple of 564?
False
Is 61 a factor of 408931?
False
Is 15 a factor of 325431?
False
Does 295 divide 180867?
False
Does 423 divide 10973043?
True
Does 53 divide 36680?
False
Is 19 a factor of 583601?
False
Does 93 divide 1653075?
True
Is 533874 a multiple of 33?
True
Is 44 a factor of 553566?
False
Is 274908 a multiple of 12?
True
Does 112 divide 2128000?
True
Is 21 a factor of 1693860?
True
Is 494 a factor of 11322480?
True
Is 605 a factor of 3016530?
True
Is 81 a factor of 90396?
True
Is 990151 a multiple of 21?
False
Is 21 a factor of 207912?
False
Does 293 divide 10235662?
True
Is 4438292 a multiple of 17?
True
Does 14 divide 3225992?
True
Is 113 a factor of 76275?
True
Is 10609911 a multiple of 767?
True
Is 8 a factor of 873491?
False
Does 49 divide 339276?
True
Is 530502 a multiple of 51?
True
Is 659486 a multiple of 15?
False
Is 6941019 a multiple of 79?
True
Does 75 divide 1847003?
False
Is 298500 a multiple of 10?
True
Is 105536 a multiple of 18?
False
Does 9 divide 4499775?
True
Is 36976 a multiple of 8?
True
Does 71 divide 48848?
True
Is 38 a factor of 1415956?
True
Is 72 a factor of 1926556?
False
Does 158 divide 2044362?
True
Is 93 a factor of 693963?
False
Is 7 a factor of 943147?
False
Is 194295 a multiple of 82?
False
Does 166 divide 910510?
True
Is 679748 a multiple of 420?
False
Does 353 divide 14327564?
True
Is 676019 a multiple of 10?
False
Is 882 a factor of 1108674?
True
Does 22 divide 2781530?
False
Is 39 a factor of 43407?
True
Is 3536496 a multiple of 82?
True
Is 39654 a multiple of 9?
True
Is 674520 a multiple of 385?
True
Is 1972525 a multiple of 38?
False
Does 31 divide 1120201?
False
Is 363377 a multiple of 54?
False
Is 427 a factor of 198128?
True
Does 703 divide 1227438?
True
Is 5577 a multiple of 11?
True
Is 662 a multiple of 22?
False
Is 13290181 a multiple of 159?
False
Is 788643 a multiple of 9?
True
Is 245 a factor of 194741?
False
Does 25 divide 781645?
False
Does 27 divide 159383?
False
Does 6 divide 216098?
False
Is 119355 a multiple of 21?
False
Does 45 divide 49048?
False
Does 843 divide 9004083?
True
Is 141657 a multiple of 23?
True
Is 529923 a multiple of 71?
False
Is 331 a factor of 2470074?
False
Does 47 divide 340971?
False
Is 490061 a multiple of 13?
True
Is 890368 a multiple of 128?
True
Does 237 divide 185187?
False
Does 81 divide 297675?
True
Does 133 divide 18753?
True
Is 976740 a multiple of 446?
True
Does 